52/(-8))/(-9)*-2 composite?
True
Let m(v) be the first derivative of 5*v**3 - 5*v**2/2 - 7*v + 328. Suppose 3*g - 3 + 30 = -2*b, -5*g - b - 45 = 0. Is m(g) composite?
True
Let h(o) = -8*o**2 + 29*o + 129. Let u be h(-39). Let w = 25317 + u. Is w a prime number?
False
Suppose -356*x = -362*x. Suppose x = 69*p - 65*p - 25268. Is p a composite number?
False
Let h = 61589 - 30688. Is h a prime number?
False
Suppose 0 = 5*z + 4*c - 22401 - 1708, 0 = z - 2*c - 4819. Suppose -4*v + z = 625. Suppose 2*f = 3*f - v. Is f composite?
False
Let c = -154 - -160. Let z(b) be the first derivative of 18*b**3 + 4*b**2 - 5*b - 2. Is z(c) a composite number?
False
Let b = 47598 + -31201. Is b a prime number?
False
Suppose w + w - 11 = o, -o + 24 = 5*w. Is (-5)/(35*o) + (-53224)/(-28) a prime number?
True
Let s = 77618 - 54885. Is s a prime number?
False
Let q = 1344 + -7459. Let z = -77 - q. Is z/14 + 38/(-133) a composite number?
False
Let x(z) = -z**2 + 11*z + 9. Let r be x(8). Suppose r*m = 30*m + 3. Is (0 + m - -3) + 289 a prime number?
True
Let z(p) = 7*p + 8. Suppose 6*h = -19 + 7. Let o be z(h). Is 1/(-8)*(-4 + o)*2092 prime?
False
Suppose -h = 58 - 60. Suppose 4*r - h*t = r + 60955, -5*r + t = -101587. Is r a prime number?
False
Let z(r) = r**3 + 11*r**2 - 10*r - 9. Let i(a) = a**3 - 5*a**2 + 4*a - 6. Let y be i(3). Let k be z(y). Is (-6)/4*26422/k composite?
False
Suppose -68*a - 60034 + 175762 = -20*a. Is a a composite number?
False
Let g(j) = 8*j + 45. Let o be g(-5). Suppose 4*t - 39 + 3 = -4*s, o*t + 3*s = 49. Let d(r) = 51*r + 36. Is d(t) a composite number?
True
Suppose 5*i + 5*f = 2235, -2*i - f = -0*f - 897. Let o = 4461 + i. Is o a composite number?
True
Let j(p) = 412*p**2 - 56*p - 345. Is j(34) a composite number?
True
Let w = -6214 + 13529. Suppose 3*p - 4*k = w, -k + 3 = -4*k. Is p composite?
False
Let j = 479 - 486. Is j/(-2 - -3)*96620/(-70) prime?
False
Let z(p) = -2*p - 24*p**3 + 0*p - 7*p**2 + 2*p + 15 - p. Let r be z(-4). Let k = r + -190. Is k a composite number?
True
Suppose -4*i + 214 + 62 = 0. Let n = i + -64. Suppose -1602 = -3*l + 2*l + n*u, -5*u = 5. Is l prime?
True
Let y = -516065 - -795832. Is y a prime number?
True
Let u(k) = -k**3 - 3 - 13 - 11*k + 6*k**2 + 8*k**2. Let q be u(13). Suppose -q*c = -4*c - 18. Is c prime?
True
Suppose -26*k + 279036 = -32*k. Is 1/((-9)/(-9) - k/(-46509)) prime?
False
Let v be -21*7/(196/(-216)). Let g = v - 48. Let n = 965 - g. Is n a prime number?
False
Suppose 10 - 32 = -11*n. Suppose -5*o + 2252 = n*h - 0*h, -4*h + o = -4504. Is h a composite number?
True
Let b(g) = -8*g - g - 44 - 33 + 1467*g**2 - 1280*g**2. Is b(-5) composite?
False
Suppose 3*j - 377 = -2*l - 1331, -3*j - 4*l - 948 = 0. Let b = j + 613. Suppose 4*h + 4*x - 1465 = -h, -h - 5*x = -b. Is h prime?
True
Let l = -652426 - -1286117. Is l prime?
False
Let b be ((-4)/6)/(734763/104967 - 7). Suppose 4*w - 10008 = -4*x, -5*x + 3*w = -b - 807. Is x a composite number?
True
Suppose -7679477 = -24*b + 5*b. Is b a prime number?
False
Let p(r) = -609*r - 2. Let y be p(4). Let q = 552 + -548. Is (-18)/q*y/69 prime?
False
Let y(g) = 443*g**2 + g + 9. Let x = -81 + 73. Let c be y(x). Suppose -12*w + c = w. Is w a composite number?
True
Let s = 83 - 23. Suppose -s = 3*v - 7*v. Is (322 + v)/(0 - -1) composite?
False
Is ((-1)/2)/((-27)/55956042) - 10 composite?
False
Let t = 174 - -155. Suppose -t - 595 = -6*m. Is 140784/m - 2/11 a prime number?
False
Suppose 8*z - 2*i = 2807068, 2*z = 4*z - i - 701764. Is z a composite number?
True
Suppose 0 = 5*i - 54*t + 51*t - 1119524, 4*i - 895603 = -3*t. Is i prime?
True
Suppose -i - 3*i + 3*g + 21585 = 0, 3*g + 16185 = 3*i. Suppose 0 = -14*b + 9*b - i. Let n = b - -3941. Is n composite?
False
Let x(d) = -29*d**3 + 22*d**2 - 21*d + 9. Let i be x(-10). Suppose 53*j - i = 44*j. Is j a prime number?
True
Suppose 86*q - 88*q = 5*o - 2246741, -4*q = -o + 449335. Is o composite?
False
Suppose -3*n = -208063 + 28132. Is n composite?
True
Let t(a) = 106*a**2 + 44*a + 11. Let q be t(-13). Suppose -101*w = -94*w - q. Is w composite?
True
Suppose -27*s + 31*s + 140951 = 5*u, -3*u + 84541 = 5*s. Is u a composite number?
True
Let z(y) = 205*y - 196. Let h be z(19). Let c = h - 1742. Is c a prime number?
False
Suppose 7*t = 4*t - 6, 0 = -h - 2*t - 8. Suppose 891 + 21 = 12*n. Is (n/(-16))/(h/16) a composite number?
False
Suppose f - 15 = -0*f - 4*b, 0 = -b. Let d(q) = 7*q**3 - 18*q**2 + 16*q + 4. Let c(m) = -m**3 - m. Let z(v) = -6*c(v) - d(v). Is z(f) a prime number?
True
Let v = -52 - -64. Let x = -8 + v. Suppose 3*i = 0, -5*o + 635 = -x*i + 2*i. Is o composite?
False
Let k(t) = 2*t**3 - 16*t**2 + 12*t + 28. Let n = 136 - 123. Is k(n) composite?
True
Let g(s) be the first derivative of -s**4 + 5*s**3/3 - 26*s + 35. Is g(-7) a prime number?
False
Let h be 2/(-2)*(7 + -7)/(-7). Suppose 2*o - 4*l + 9*l - 2084 = h, -2*o = l - 2084. Is o composite?
True
Suppose 3*k - 5615 = -7*g + 2*g, 2*g - 1871 = -k. Suppose -h + 4*b - 1254 = h, -3*h - k = -3*b. Let m = 1060 + h. Is m a prime number?
False
Let q(h) = -32*h - 4. Let g(o) = o**2 + 9*o - 13. Let m be g(-10). Let d be q(m). Is d/(-16)*(-3 - 17) a prime number?
False
Suppose 17*w + 133715 = 22*w. Suppose 2*x - 3*v = -0*v + 10682, 0 = 5*x + 2*v - w. Is x composite?
False
Let i = 1343 + 123. Suppose -2*n = -j + 5421, -j - 4*n + 6917 = i. Is j a prime number?
True
Let c = -67 - -38. Let w = 27 + c. Let t(k) = 4*k**2 - 3*k - 1. Is t(w) prime?
False
Let i be (-4 - -5)*1/((-2)/(-68)). Let q = -32 + i. Suppose -4*j = -q*j - 1742. Is j composite?
True
Let r = 38 + -38. Suppose 4*n + r*n + 3*a = 6, 0 = 2*n + a - 4. Suppose n*x = 9, u + 2*x = -u + 260. Is u composite?
False
Let w(h) = 13*h + 83. Let t be w(-5). Suppose -t*r = -808 - 37838. Is r a composite number?
True
Let u be ((-60)/24)/((-10)/16). Let x(z) = 1082*z - 31. Is x(u) prime?
True
Let v(o) = -3094*o - 279. Is v(-14) a composite number?
False
Let c = -41978 + 86117. Is c prime?
False
Suppose 10*w = 11*w - 436. Suppose 0*k = -4*k + 396. Let g = w - k. Is g composite?
False
Let a = -1 + 11. Let s = -11452 - -16714. Suppose 16*g = a*g + s. Is g a prime number?
True
Suppose 40*l - 53335033 + 6207698 = -13*l. Is l a prime number?
False
Is -4*(21820275/(-36))/25 a composite number?
False
Suppose -5*s + 0*p = 3*p + 4589, -8 = -4*p. Let o = -186 - s. Is o composite?
False
Let a = 348339 + 981448. Is a a prime number?
True
Suppose 3*g + 2 = 2*g. Let b = g - -5. Suppose -4*s = b*o - 755, 5*s + 272 = -4*o + 1215. Is s a prime number?
True
Let m be (14/(-6) - -2)*-10155. Let x = 10734 - m. Is x a prime number?
True
Let s = 345069 - 224530. Is s a prime number?
True
Let c(r) = -90*r**3 - 14*r**2 - 18*r - 181. Is c(-12) a prime number?
False
Is 9/(-12) - (6 - 8/((-320)/(-2020790))) prime?
True
Let r = -4380 - 3592. Let w = r + 11175. Is w prime?
True
Suppose 2888*x - 2897*x = -36. Let z be 3/3*1 + 3. Suppose -x*m + 5104 = z*h, h - m = 2*m + 1280. Is h prime?
True
Let x(c) = -70*c - 34. Let l be x(32). Let f = 53 + -35. Is (l/(-4))/(27/f) prime?
True
Suppose o + 3*q = 20285, 0*q + 81096 = 4*o + q. Suppose o = -4*m + 15*m. Is m a composite number?
True
Suppose 6624 = 2*i + 4*i. Let l be (i/(-30))/(2/15). Let p = l + 567. Is p a prime number?
False
Let k = 483040 + -94577. Is k prime?
False
Let d = -552 - -552. Suppose -16*c + 59212 + 110212 = d. Is c a composite number?
False
Let l = -125529 + 228248. Is l a composite number?
True
Let b = -6633 + 52882. Is b a prime number?
False
Let y(j) = j**2 + j - 18. Let w be -10 + (1 - -4 - 2). Let b be y(w). Suppose b*q + 28780 = 28*q. Is q a composite number?
True
Let q(i) = 81*i**2 - 5*i - 4. Let r be q(6). Let n = 6869 - r. Suppose -3*k - 6*k = -n. Is k composite?
False
Let c = 19 + -19. Suppose 2*l + 5*k + 0*k = c, 0 = -3*l + 5*k. Let z(o) = -2*o + 587. Is z(l) a composite number?
False
Let y(a) = 95695*a**3 - 6*a**2 + 7*a - 1. Is y(1) composite?
True
Is -2*(468826/(-68) + 5/(-1)*1) a prime number?
True
Suppose -4344*z + 959841 = -4335*z. Is z a composite number?
False
Suppose -2*f + 2625 = -2*z - 4485, z = 2*f - 3553. Is 2*z/4*30/(-15) a composite number?
False
Suppose 0 = 5*k + 3*o - 16, 5*o - 9*o - 27 = -3*k. Suppose 0*x - 3260 = -4*x. Suppose -r = k*h - x - 796, -3*h - 6536 = -4*r. Is r